{"id":1825,"date":"2024-03-01T08:51:38","date_gmt":"2024-03-01T13:51:38","guid":{"rendered":"https:\/\/laroutedesconcerts.com\/?post_type=cke_concert&#038;p=1825"},"modified":"2024-03-25T13:29:12","modified_gmt":"2024-03-25T17:29:12","slug":"tete-a-tete-aux-chandelles-jazz","status":"publish","type":"cke_concert","link":"https:\/\/laroutedesconcerts.com\/en\/concerts\/tete-a-tete-aux-chandelles-jazz\/","title":{"rendered":"T\u00eate-\u00e0-T\u00eate aux chandelles&#8230; Jazz!"},"featured_media":0,"template":"","cke_localite":[40,48],"class_list":["post-1825","cke_concert","type-cke_concert","status-publish","hentry","cke_localite-eastern-townships","cke_localite-saint-camille-en"],"acf":[],"yoast_head":"<!-- This site is optimized with the Yoast SEO plugin v27.5 - https:\/\/yoast.com\/product\/yoast-seo-wordpress\/ -->\n<title>T\u00eate-\u00e0-T\u00eate aux chandelles... Jazz! &#8211; Route des concerts<\/title>\n<meta name=\"description\" content=\"Les concerts de la chapelle in Saint-Camille presents T\u00eate-\u00e0-t\u00eate aux chandelles jazz with pianist Guillaume Martineau on September 28, 2024, at 7:30 pm.\" \/>\n<meta name=\"robots\" content=\"index, follow, max-snippet:-1, max-image-preview:large, max-video-preview:-1\" \/>\n<link rel=\"canonical\" href=\"https:\/\/laroutedesconcerts.com\/en\/concerts\/tete-a-tete-aux-chandelles-jazz\/\" \/>\n<meta property=\"og:locale\" content=\"en_US\" \/>\n<meta property=\"og:type\" content=\"article\" \/>\n<meta property=\"og:title\" content=\"T\u00eate-\u00e0-T\u00eate aux chandelles... Jazz! &#8211; Route des concerts\" \/>\n<meta property=\"og:description\" content=\"Les concerts de la chapelle in Saint-Camille presents T\u00eate-\u00e0-t\u00eate aux chandelles jazz with pianist Guillaume Martineau on September 28, 2024, at 7:30 pm.\" \/>\n<meta property=\"og:url\" content=\"https:\/\/laroutedesconcerts.com\/en\/concerts\/tete-a-tete-aux-chandelles-jazz\/\" \/>\n<meta property=\"og:site_name\" content=\"Route des concerts\" \/>\n<meta property=\"article:modified_time\" content=\"2024-03-25T17:29:12+00:00\" \/>\n<meta property=\"og:image\" content=\"https:\/\/laroutedesconcerts.com\/wp-content\/uploads\/2024\/03\/tete-a-tete-aux-chandelles-sept-1.jpg\" \/>\n\t<meta property=\"og:image:width\" content=\"1535\" \/>\n\t<meta property=\"og:image:height\" content=\"1485\" \/>\n\t<meta property=\"og:image:type\" content=\"image\/jpeg\" \/>\n<meta name=\"twitter:card\" content=\"summary_large_image\" \/>\n<script type=\"application\/ld+json\" class=\"yoast-schema-graph\">{\"@context\":\"https:\\\/\\\/schema.org\",\"@graph\":[{\"@type\":\"WebPage\",\"@id\":\"https:\\\/\\\/laroutedesconcerts.com\\\/en\\\/concerts\\\/tete-a-tete-aux-chandelles-jazz\\\/\",\"url\":\"https:\\\/\\\/laroutedesconcerts.com\\\/en\\\/concerts\\\/tete-a-tete-aux-chandelles-jazz\\\/\",\"name\":\"T\u00eate-\u00e0-T\u00eate aux chandelles... Jazz! &#8211; Route des concerts\",\"isPartOf\":{\"@id\":\"https:\\\/\\\/laroutedesconcerts.com\\\/en\\\/#website\"},\"datePublished\":\"2024-03-01T13:51:38+00:00\",\"dateModified\":\"2024-03-25T17:29:12+00:00\",\"description\":\"Les concerts de la chapelle in Saint-Camille presents T\u00eate-\u00e0-t\u00eate aux chandelles jazz with pianist Guillaume Martineau on September 28, 2024, at 7:30 pm.\",\"breadcrumb\":{\"@id\":\"https:\\\/\\\/laroutedesconcerts.com\\\/en\\\/concerts\\\/tete-a-tete-aux-chandelles-jazz\\\/#breadcrumb\"},\"inLanguage\":\"en-US\",\"potentialAction\":[{\"@type\":\"ReadAction\",\"target\":[\"https:\\\/\\\/laroutedesconcerts.com\\\/en\\\/concerts\\\/tete-a-tete-aux-chandelles-jazz\\\/\"]}]},{\"@type\":\"BreadcrumbList\",\"@id\":\"https:\\\/\\\/laroutedesconcerts.com\\\/en\\\/concerts\\\/tete-a-tete-aux-chandelles-jazz\\\/#breadcrumb\",\"itemListElement\":[{\"@type\":\"ListItem\",\"position\":1,\"name\":\"Accueil\",\"item\":\"https:\\\/\\\/laroutedesconcerts.com\\\/en\\\/\"},{\"@type\":\"ListItem\",\"position\":2,\"name\":\"Concert\",\"item\":\"https:\\\/\\\/laroutedesconcerts.com\\\/en\\\/concerts\\\/\"},{\"@type\":\"ListItem\",\"position\":3,\"name\":\"T\u00eate-\u00e0-T\u00eate aux chandelles&#8230; Jazz!\"}]},{\"@type\":\"WebSite\",\"@id\":\"https:\\\/\\\/laroutedesconcerts.com\\\/en\\\/#website\",\"url\":\"https:\\\/\\\/laroutedesconcerts.com\\\/en\\\/\",\"name\":\"Route des concerts\",\"description\":\"De la musique plein les oreilles \u00e0 votre port\u00e9e\",\"potentialAction\":[{\"@type\":\"SearchAction\",\"target\":{\"@type\":\"EntryPoint\",\"urlTemplate\":\"https:\\\/\\\/laroutedesconcerts.com\\\/en\\\/?s={search_term_string}\"},\"query-input\":{\"@type\":\"PropertyValueSpecification\",\"valueRequired\":true,\"valueName\":\"search_term_string\"}}],\"inLanguage\":\"en-US\"}]}<\/script>\n<!-- \/ Yoast SEO plugin. -->","yoast_head_json":{"title":"T\u00eate-\u00e0-T\u00eate aux chandelles... Jazz! &#8211; Route des concerts","description":"Les concerts de la chapelle in Saint-Camille presents T\u00eate-\u00e0-t\u00eate aux chandelles jazz with pianist Guillaume Martineau on September 28, 2024, at 7:30 pm.","robots":{"index":"index","follow":"follow","max-snippet":"max-snippet:-1","max-image-preview":"max-image-preview:large","max-video-preview":"max-video-preview:-1"},"canonical":"https:\/\/laroutedesconcerts.com\/en\/concerts\/tete-a-tete-aux-chandelles-jazz\/","og_locale":"en_US","og_type":"article","og_title":"T\u00eate-\u00e0-T\u00eate aux chandelles... Jazz! &#8211; Route des concerts","og_description":"Les concerts de la chapelle in Saint-Camille presents T\u00eate-\u00e0-t\u00eate aux chandelles jazz with pianist Guillaume Martineau on September 28, 2024, at 7:30 pm.","og_url":"https:\/\/laroutedesconcerts.com\/en\/concerts\/tete-a-tete-aux-chandelles-jazz\/","og_site_name":"Route des concerts","article_modified_time":"2024-03-25T17:29:12+00:00","og_image":[{"width":1535,"height":1485,"url":"https:\/\/laroutedesconcerts.com\/wp-content\/uploads\/2024\/03\/tete-a-tete-aux-chandelles-sept-1.jpg","type":"image\/jpeg"}],"twitter_card":"summary_large_image","schema":{"@context":"https:\/\/schema.org","@graph":[{"@type":"WebPage","@id":"https:\/\/laroutedesconcerts.com\/en\/concerts\/tete-a-tete-aux-chandelles-jazz\/","url":"https:\/\/laroutedesconcerts.com\/en\/concerts\/tete-a-tete-aux-chandelles-jazz\/","name":"T\u00eate-\u00e0-T\u00eate aux chandelles... Jazz! &#8211; Route des concerts","isPartOf":{"@id":"https:\/\/laroutedesconcerts.com\/en\/#website"},"datePublished":"2024-03-01T13:51:38+00:00","dateModified":"2024-03-25T17:29:12+00:00","description":"Les concerts de la chapelle in Saint-Camille presents T\u00eate-\u00e0-t\u00eate aux chandelles jazz with pianist Guillaume Martineau on September 28, 2024, at 7:30 pm.","breadcrumb":{"@id":"https:\/\/laroutedesconcerts.com\/en\/concerts\/tete-a-tete-aux-chandelles-jazz\/#breadcrumb"},"inLanguage":"en-US","potentialAction":[{"@type":"ReadAction","target":["https:\/\/laroutedesconcerts.com\/en\/concerts\/tete-a-tete-aux-chandelles-jazz\/"]}]},{"@type":"BreadcrumbList","@id":"https:\/\/laroutedesconcerts.com\/en\/concerts\/tete-a-tete-aux-chandelles-jazz\/#breadcrumb","itemListElement":[{"@type":"ListItem","position":1,"name":"Accueil","item":"https:\/\/laroutedesconcerts.com\/en\/"},{"@type":"ListItem","position":2,"name":"Concert","item":"https:\/\/laroutedesconcerts.com\/en\/concerts\/"},{"@type":"ListItem","position":3,"name":"T\u00eate-\u00e0-T\u00eate aux chandelles&#8230; Jazz!"}]},{"@type":"WebSite","@id":"https:\/\/laroutedesconcerts.com\/en\/#website","url":"https:\/\/laroutedesconcerts.com\/en\/","name":"Route des concerts","description":"De la musique plein les oreilles \u00e0 votre port\u00e9e","potentialAction":[{"@type":"SearchAction","target":{"@type":"EntryPoint","urlTemplate":"https:\/\/laroutedesconcerts.com\/en\/?s={search_term_string}"},"query-input":{"@type":"PropertyValueSpecification","valueRequired":true,"valueName":"search_term_string"}}],"inLanguage":"en-US"}]}},"_links":{"self":[{"href":"https:\/\/laroutedesconcerts.com\/en\/wp-json\/wp\/v2\/cke_concert\/1825","targetHints":{"allow":["GET"]}}],"collection":[{"href":"https:\/\/laroutedesconcerts.com\/en\/wp-json\/wp\/v2\/cke_concert"}],"about":[{"href":"https:\/\/laroutedesconcerts.com\/en\/wp-json\/wp\/v2\/types\/cke_concert"}],"wp:attachment":[{"href":"https:\/\/laroutedesconcerts.com\/en\/wp-json\/wp\/v2\/media?parent=1825"}],"wp:term":[{"taxonomy":"cke_localite","embeddable":true,"href":"https:\/\/laroutedesconcerts.com\/en\/wp-json\/wp\/v2\/cke_localite?post=1825"}],"curies":[{"name":"wp","href":"https:\/\/api.w.org\/{rel}","templated":true}]}}

Tête-à-Tête aux chandelles&#8230; Jazz!

<!-- This site is optimized with the Yoast SEO plugin v27.5 - https://yoast.com/product/yoast-seo-wordpress/ -->
<title>Tête-à-Tête aux chandelles... Jazz! &#8211; Route des concerts</title>
<meta name="description" content="Les concerts de la chapelle in Saint-Camille presents Tête-à-tête aux chandelles jazz with pianist Guillaume Martineau on September 28, 2024, at 7:30 pm." />
<meta name="robots" content="index, follow, max-snippet:-1, max-image-preview:large, max-video-preview:-1" />
<link rel="canonical" href="https://laroutedesconcerts.com/en/concerts/tete-a-tete-aux-chandelles-jazz/" />
<meta property="og:locale" content="en_US" />
<meta property="og:type" content="article" />
<meta property="og:title" content="Tête-à-Tête aux chandelles... Jazz! &#8211; Route des concerts" />
<meta property="og:description" content="Les concerts de la chapelle in Saint-Camille presents Tête-à-tête aux chandelles jazz with pianist Guillaume Martineau on September 28, 2024, at 7:30 pm." />
<meta property="og:url" content="https://laroutedesconcerts.com/en/concerts/tete-a-tete-aux-chandelles-jazz/" />
<meta property="og:site_name" content="Route des concerts" />
<meta property="article:modified_time" content="2024-03-25T17:29:12+00:00" />
<meta property="og:image" content="https://laroutedesconcerts.com/wp-content/uploads/2024/03/tete-a-tete-aux-chandelles-sept-1.jpg" />
	<meta property="og:image:width" content="1535" />
	<meta property="og:image:height" content="1485" />
	<meta property="og:image:type" content="image/jpeg" />
<meta name="twitter:card" content="summary_large_image" />
<script type="application/ld+json" class="yoast-schema-graph">{"@context":"https:\/\/schema.org","@graph":[{"@type":"WebPage","@id":"https:\/\/laroutedesconcerts.com\/en\/concerts\/tete-a-tete-aux-chandelles-jazz\/","url":"https:\/\/laroutedesconcerts.com\/en\/concerts\/tete-a-tete-aux-chandelles-jazz\/","name":"Tête-à-Tête aux chandelles... Jazz! &#8211; Route des concerts","isPartOf":{"@id":"https:\/\/laroutedesconcerts.com\/en\/#website"},"datePublished":"2024-03-01T13:51:38+00:00","dateModified":"2024-03-25T17:29:12+00:00","description":"Les concerts de la chapelle in Saint-Camille presents Tête-à-tête aux chandelles jazz with pianist Guillaume Martineau on September 28, 2024, at 7:30 pm.","breadcrumb":{"@id":"https:\/\/laroutedesconcerts.com\/en\/concerts\/tete-a-tete-aux-chandelles-jazz\/#breadcrumb"},"inLanguage":"en-US","potentialAction":[{"@type":"ReadAction","target":["https:\/\/laroutedesconcerts.com\/en\/concerts\/tete-a-tete-aux-chandelles-jazz\/"]}]},{"@type":"BreadcrumbList","@id":"https:\/\/laroutedesconcerts.com\/en\/concerts\/tete-a-tete-aux-chandelles-jazz\/#breadcrumb","itemListElement":[{"@type":"ListItem","position":1,"name":"Accueil","item":"https:\/\/laroutedesconcerts.com\/en\/"},{"@type":"ListItem","position":2,"name":"Concert","item":"https:\/\/laroutedesconcerts.com\/en\/concerts\/"},{"@type":"ListItem","position":3,"name":"Tête-à-Tête aux chandelles&#8230; Jazz!"}]},{"@type":"WebSite","@id":"https:\/\/laroutedesconcerts.com\/en\/#website","url":"https:\/\/laroutedesconcerts.com\/en\/","name":"Route des concerts","description":"De la musique plein les oreilles à votre portée","potentialAction":[{"@type":"SearchAction","target":{"@type":"EntryPoint","urlTemplate":"https:\/\/laroutedesconcerts.com\/en\/?s={search_term_string}"},"query-input":{"@type":"PropertyValueSpecification","valueRequired":true,"valueName":"search_term_string"}}],"inLanguage":"en-US"}]}</script>
<!-- / Yoast SEO plugin. -->

Tête-à-Tête aux chandelles... Jazz! &#8211; Route des concerts

Les concerts de la chapelle in Saint-Camille presents Tête-à-tête aux chandelles jazz with pianist Guillaume Martineau on September 28, 2024, at 7:30 pm.

De la musique plein les oreilles à votre portée
