{"id":2310,"date":"2024-05-21T13:30:57","date_gmt":"2024-05-21T17:30:57","guid":{"rendered":"https:\/\/laroutedesconcerts.com\/?post_type=cke_concert&#038;p=2310"},"modified":"2024-05-23T21:02:34","modified_gmt":"2024-05-24T01:02:34","slug":"hommage-a-gabriel-faure","status":"publish","type":"cke_concert","link":"https:\/\/laroutedesconcerts.com\/en\/concerts\/hommage-a-gabriel-faure\/","title":{"rendered":"Hommage \u00e0 Gabriel Faur\u00e9"},"featured_media":0,"template":"","cke_localite":[70,71],"class_list":["post-2310","cke_concert","type-cke_concert","status-publish","hentry","cke_localite-bas-saint-laurent-en","cke_localite-rimouski-en"],"acf":[],"yoast_head":"<!-- This site is optimized with the Yoast SEO plugin v27.5 - https:\/\/yoast.com\/product\/yoast-seo-wordpress\/ -->\n<title>Hommage \u00e0 Gabriel Faur\u00e9 &#8211; Route des concerts<\/title>\n<meta name=\"description\" content=\"Concerts aux \u00celes du Bic present the concert Hommage \u00e0 Gabriel Faur\u00e9, on August 10, 2024, at 8:00 pm, \u00c9glise Sainte-C\u00e9cile du Bic, Rimouski.\" \/>\n<meta name=\"robots\" content=\"index, follow, max-snippet:-1, max-image-preview:large, max-video-preview:-1\" \/>\n<link rel=\"canonical\" href=\"https:\/\/laroutedesconcerts.com\/en\/concerts\/hommage-a-gabriel-faure\/\" \/>\n<meta property=\"og:locale\" content=\"en_US\" \/>\n<meta property=\"og:type\" content=\"article\" \/>\n<meta property=\"og:title\" content=\"Hommage \u00e0 Gabriel Faur\u00e9 &#8211; Route des concerts\" \/>\n<meta property=\"og:description\" content=\"Concerts aux \u00celes du Bic present the concert Hommage \u00e0 Gabriel Faur\u00e9, on August 10, 2024, at 8:00 pm, \u00c9glise Sainte-C\u00e9cile du Bic, Rimouski.\" \/>\n<meta property=\"og:url\" content=\"https:\/\/laroutedesconcerts.com\/en\/concerts\/hommage-a-gabriel-faure\/\" \/>\n<meta property=\"og:site_name\" content=\"Route des concerts\" \/>\n<meta property=\"article:modified_time\" content=\"2024-05-24T01:02:34+00:00\" \/>\n<meta name=\"twitter:card\" content=\"summary_large_image\" \/>\n<script type=\"application\/ld+json\" class=\"yoast-schema-graph\">{\"@context\":\"https:\\\/\\\/schema.org\",\"@graph\":[{\"@type\":\"WebPage\",\"@id\":\"https:\\\/\\\/laroutedesconcerts.com\\\/en\\\/concerts\\\/hommage-a-gabriel-faure\\\/\",\"url\":\"https:\\\/\\\/laroutedesconcerts.com\\\/en\\\/concerts\\\/hommage-a-gabriel-faure\\\/\",\"name\":\"Hommage \u00e0 Gabriel Faur\u00e9 &#8211; Route des concerts\",\"isPartOf\":{\"@id\":\"https:\\\/\\\/laroutedesconcerts.com\\\/en\\\/#website\"},\"datePublished\":\"2024-05-21T17:30:57+00:00\",\"dateModified\":\"2024-05-24T01:02:34+00:00\",\"description\":\"Concerts aux \u00celes du Bic present the concert Hommage \u00e0 Gabriel Faur\u00e9, on August 10, 2024, at 8:00 pm, \u00c9glise Sainte-C\u00e9cile du Bic, Rimouski.\",\"breadcrumb\":{\"@id\":\"https:\\\/\\\/laroutedesconcerts.com\\\/en\\\/concerts\\\/hommage-a-gabriel-faure\\\/#breadcrumb\"},\"inLanguage\":\"en-US\",\"potentialAction\":[{\"@type\":\"ReadAction\",\"target\":[\"https:\\\/\\\/laroutedesconcerts.com\\\/en\\\/concerts\\\/hommage-a-gabriel-faure\\\/\"]}]},{\"@type\":\"BreadcrumbList\",\"@id\":\"https:\\\/\\\/laroutedesconcerts.com\\\/en\\\/concerts\\\/hommage-a-gabriel-faure\\\/#breadcrumb\",\"itemListElement\":[{\"@type\":\"ListItem\",\"position\":1,\"name\":\"Accueil\",\"item\":\"https:\\\/\\\/laroutedesconcerts.com\\\/en\\\/\"},{\"@type\":\"ListItem\",\"position\":2,\"name\":\"Concert\",\"item\":\"https:\\\/\\\/laroutedesconcerts.com\\\/en\\\/concerts\\\/\"},{\"@type\":\"ListItem\",\"position\":3,\"name\":\"Hommage \u00e0 Gabriel Faur\u00e9\"}]},{\"@type\":\"WebSite\",\"@id\":\"https:\\\/\\\/laroutedesconcerts.com\\\/en\\\/#website\",\"url\":\"https:\\\/\\\/laroutedesconcerts.com\\\/en\\\/\",\"name\":\"Route des concerts\",\"description\":\"De la musique plein les oreilles \u00e0 votre port\u00e9e\",\"potentialAction\":[{\"@type\":\"SearchAction\",\"target\":{\"@type\":\"EntryPoint\",\"urlTemplate\":\"https:\\\/\\\/laroutedesconcerts.com\\\/en\\\/?s={search_term_string}\"},\"query-input\":{\"@type\":\"PropertyValueSpecification\",\"valueRequired\":true,\"valueName\":\"search_term_string\"}}],\"inLanguage\":\"en-US\"}]}<\/script>\n<!-- \/ Yoast SEO plugin. -->","yoast_head_json":{"title":"Hommage \u00e0 Gabriel Faur\u00e9 &#8211; Route des concerts","description":"Concerts aux \u00celes du Bic present the concert Hommage \u00e0 Gabriel Faur\u00e9, on August 10, 2024, at 8:00 pm, \u00c9glise Sainte-C\u00e9cile du Bic, Rimouski.","robots":{"index":"index","follow":"follow","max-snippet":"max-snippet:-1","max-image-preview":"max-image-preview:large","max-video-preview":"max-video-preview:-1"},"canonical":"https:\/\/laroutedesconcerts.com\/en\/concerts\/hommage-a-gabriel-faure\/","og_locale":"en_US","og_type":"article","og_title":"Hommage \u00e0 Gabriel Faur\u00e9 &#8211; Route des concerts","og_description":"Concerts aux \u00celes du Bic present the concert Hommage \u00e0 Gabriel Faur\u00e9, on August 10, 2024, at 8:00 pm, \u00c9glise Sainte-C\u00e9cile du Bic, Rimouski.","og_url":"https:\/\/laroutedesconcerts.com\/en\/concerts\/hommage-a-gabriel-faure\/","og_site_name":"Route des concerts","article_modified_time":"2024-05-24T01:02:34+00:00","twitter_card":"summary_large_image","schema":{"@context":"https:\/\/schema.org","@graph":[{"@type":"WebPage","@id":"https:\/\/laroutedesconcerts.com\/en\/concerts\/hommage-a-gabriel-faure\/","url":"https:\/\/laroutedesconcerts.com\/en\/concerts\/hommage-a-gabriel-faure\/","name":"Hommage \u00e0 Gabriel Faur\u00e9 &#8211; Route des concerts","isPartOf":{"@id":"https:\/\/laroutedesconcerts.com\/en\/#website"},"datePublished":"2024-05-21T17:30:57+00:00","dateModified":"2024-05-24T01:02:34+00:00","description":"Concerts aux \u00celes du Bic present the concert Hommage \u00e0 Gabriel Faur\u00e9, on August 10, 2024, at 8:00 pm, \u00c9glise Sainte-C\u00e9cile du Bic, Rimouski.","breadcrumb":{"@id":"https:\/\/laroutedesconcerts.com\/en\/concerts\/hommage-a-gabriel-faure\/#breadcrumb"},"inLanguage":"en-US","potentialAction":[{"@type":"ReadAction","target":["https:\/\/laroutedesconcerts.com\/en\/concerts\/hommage-a-gabriel-faure\/"]}]},{"@type":"BreadcrumbList","@id":"https:\/\/laroutedesconcerts.com\/en\/concerts\/hommage-a-gabriel-faure\/#breadcrumb","itemListElement":[{"@type":"ListItem","position":1,"name":"Accueil","item":"https:\/\/laroutedesconcerts.com\/en\/"},{"@type":"ListItem","position":2,"name":"Concert","item":"https:\/\/laroutedesconcerts.com\/en\/concerts\/"},{"@type":"ListItem","position":3,"name":"Hommage \u00e0 Gabriel Faur\u00e9"}]},{"@type":"WebSite","@id":"https:\/\/laroutedesconcerts.com\/en\/#website","url":"https:\/\/laroutedesconcerts.com\/en\/","name":"Route des concerts","description":"De la musique plein les oreilles \u00e0 votre port\u00e9e","potentialAction":[{"@type":"SearchAction","target":{"@type":"EntryPoint","urlTemplate":"https:\/\/laroutedesconcerts.com\/en\/?s={search_term_string}"},"query-input":{"@type":"PropertyValueSpecification","valueRequired":true,"valueName":"search_term_string"}}],"inLanguage":"en-US"}]}},"_links":{"self":[{"href":"https:\/\/laroutedesconcerts.com\/en\/wp-json\/wp\/v2\/cke_concert\/2310","targetHints":{"allow":["GET"]}}],"collection":[{"href":"https:\/\/laroutedesconcerts.com\/en\/wp-json\/wp\/v2\/cke_concert"}],"about":[{"href":"https:\/\/laroutedesconcerts.com\/en\/wp-json\/wp\/v2\/types\/cke_concert"}],"wp:attachment":[{"href":"https:\/\/laroutedesconcerts.com\/en\/wp-json\/wp\/v2\/media?parent=2310"}],"wp:term":[{"taxonomy":"cke_localite","embeddable":true,"href":"https:\/\/laroutedesconcerts.com\/en\/wp-json\/wp\/v2\/cke_localite?post=2310"}],"curies":[{"name":"wp","href":"https:\/\/api.w.org\/{rel}","templated":true}]}}

Hommage à Gabriel Fauré

<!-- This site is optimized with the Yoast SEO plugin v27.5 - https://yoast.com/product/yoast-seo-wordpress/ -->
<title>Hommage à Gabriel Fauré &#8211; Route des concerts</title>
<meta name="description" content="Concerts aux Îles du Bic present the concert Hommage à Gabriel Fauré, on August 10, 2024, at 8:00 pm, Église Sainte-Cécile du Bic, Rimouski." />
<meta name="robots" content="index, follow, max-snippet:-1, max-image-preview:large, max-video-preview:-1" />
<link rel="canonical" href="https://laroutedesconcerts.com/en/concerts/hommage-a-gabriel-faure/" />
<meta property="og:locale" content="en_US" />
<meta property="og:type" content="article" />
<meta property="og:title" content="Hommage à Gabriel Fauré &#8211; Route des concerts" />
<meta property="og:description" content="Concerts aux Îles du Bic present the concert Hommage à Gabriel Fauré, on August 10, 2024, at 8:00 pm, Église Sainte-Cécile du Bic, Rimouski." />
<meta property="og:url" content="https://laroutedesconcerts.com/en/concerts/hommage-a-gabriel-faure/" />
<meta property="og:site_name" content="Route des concerts" />
<meta property="article:modified_time" content="2024-05-24T01:02:34+00:00" />
<meta name="twitter:card" content="summary_large_image" />
<script type="application/ld+json" class="yoast-schema-graph">{"@context":"https:\/\/schema.org","@graph":[{"@type":"WebPage","@id":"https:\/\/laroutedesconcerts.com\/en\/concerts\/hommage-a-gabriel-faure\/","url":"https:\/\/laroutedesconcerts.com\/en\/concerts\/hommage-a-gabriel-faure\/","name":"Hommage à Gabriel Fauré &#8211; Route des concerts","isPartOf":{"@id":"https:\/\/laroutedesconcerts.com\/en\/#website"},"datePublished":"2024-05-21T17:30:57+00:00","dateModified":"2024-05-24T01:02:34+00:00","description":"Concerts aux Îles du Bic present the concert Hommage à Gabriel Fauré, on August 10, 2024, at 8:00 pm, Église Sainte-Cécile du Bic, Rimouski.","breadcrumb":{"@id":"https:\/\/laroutedesconcerts.com\/en\/concerts\/hommage-a-gabriel-faure\/#breadcrumb"},"inLanguage":"en-US","potentialAction":[{"@type":"ReadAction","target":["https:\/\/laroutedesconcerts.com\/en\/concerts\/hommage-a-gabriel-faure\/"]}]},{"@type":"BreadcrumbList","@id":"https:\/\/laroutedesconcerts.com\/en\/concerts\/hommage-a-gabriel-faure\/#breadcrumb","itemListElement":[{"@type":"ListItem","position":1,"name":"Accueil","item":"https:\/\/laroutedesconcerts.com\/en\/"},{"@type":"ListItem","position":2,"name":"Concert","item":"https:\/\/laroutedesconcerts.com\/en\/concerts\/"},{"@type":"ListItem","position":3,"name":"Hommage à Gabriel Fauré"}]},{"@type":"WebSite","@id":"https:\/\/laroutedesconcerts.com\/en\/#website","url":"https:\/\/laroutedesconcerts.com\/en\/","name":"Route des concerts","description":"De la musique plein les oreilles à votre portée","potentialAction":[{"@type":"SearchAction","target":{"@type":"EntryPoint","urlTemplate":"https:\/\/laroutedesconcerts.com\/en\/?s={search_term_string}"},"query-input":{"@type":"PropertyValueSpecification","valueRequired":true,"valueName":"search_term_string"}}],"inLanguage":"en-US"}]}</script>
<!-- / Yoast SEO plugin. -->

Hommage à Gabriel Fauré &#8211; Route des concerts

Concerts aux Îles du Bic present the concert Hommage à Gabriel Fauré, on August 10, 2024, at 8:00 pm, Église Sainte-Cécile du Bic, Rimouski.

De la musique plein les oreilles à votre portée
