{"id":4933,"date":"2026-03-20T10:03:48","date_gmt":"2026-03-20T14:03:48","guid":{"rendered":"https:\/\/laroutedesconcerts.com\/?post_type=cke_concert&#038;p=4933"},"modified":"2026-03-20T10:11:48","modified_gmt":"2026-03-20T14:11:48","slug":"mg3-joue-morricone","status":"publish","type":"cke_concert","link":"https:\/\/laroutedesconcerts.com\/en\/concerts\/mg3-joue-morricone\/","title":{"rendered":"MG3 joue Morricone"},"featured_media":4945,"template":"","cke_localite":[35,102],"class_list":["post-4933","cke_concert","type-cke_concert","status-publish","has-post-thumbnail","hentry","cke_localite-brome-missisquoi-en","cke_localite-lac-brome-en"],"acf":[],"yoast_head":"<!-- This site is optimized with the Yoast SEO plugin v27.4 - https:\/\/yoast.com\/product\/yoast-seo-wordpress\/ -->\n<title>MG3 joue Morricone &#8211; Route des concerts<\/title>\n<meta name=\"description\" content=\"The Theatre Lac-Brome will host the Montr\u00e9al Guitare Trio (MG3) for a tribute to Ennio Morricone on Saturday, September 5, 2026, at 8 p.m.\" \/>\n<meta name=\"robots\" content=\"index, follow, max-snippet:-1, max-image-preview:large, max-video-preview:-1\" \/>\n<link rel=\"canonical\" href=\"https:\/\/laroutedesconcerts.com\/en\/concerts\/mg3-joue-morricone\/\" \/>\n<meta property=\"og:locale\" content=\"en_US\" \/>\n<meta property=\"og:type\" content=\"article\" \/>\n<meta property=\"og:title\" content=\"MG3 joue Morricone &#8211; Route des concerts\" \/>\n<meta property=\"og:description\" content=\"The Theatre Lac-Brome will host the Montr\u00e9al Guitare Trio (MG3) for a tribute to Ennio Morricone on Saturday, September 5, 2026, at 8 p.m.\" \/>\n<meta property=\"og:url\" content=\"https:\/\/laroutedesconcerts.com\/en\/concerts\/mg3-joue-morricone\/\" \/>\n<meta property=\"og:site_name\" content=\"Route des concerts\" \/>\n<meta property=\"article:modified_time\" content=\"2026-03-20T14:11:48+00:00\" \/>\n<meta name=\"twitter:card\" content=\"summary_large_image\" \/>\n<script type=\"application\/ld+json\" class=\"yoast-schema-graph\">{\"@context\":\"https:\\\/\\\/schema.org\",\"@graph\":[{\"@type\":\"WebPage\",\"@id\":\"https:\\\/\\\/laroutedesconcerts.com\\\/en\\\/concerts\\\/mg3-joue-morricone\\\/\",\"url\":\"https:\\\/\\\/laroutedesconcerts.com\\\/en\\\/concerts\\\/mg3-joue-morricone\\\/\",\"name\":\"MG3 joue Morricone &#8211; Route des concerts\",\"isPartOf\":{\"@id\":\"https:\\\/\\\/laroutedesconcerts.com\\\/en\\\/#website\"},\"primaryImageOfPage\":{\"@id\":\"https:\\\/\\\/laroutedesconcerts.com\\\/en\\\/concerts\\\/mg3-joue-morricone\\\/#primaryimage\"},\"image\":{\"@id\":\"https:\\\/\\\/laroutedesconcerts.com\\\/en\\\/concerts\\\/mg3-joue-morricone\\\/#primaryimage\"},\"thumbnailUrl\":\"https:\\\/\\\/laroutedesconcerts.com\\\/wp-content\\\/uploads\\\/2024\\\/08\\\/lrdc25-26-theatre-de-lac-brome-mg3.jpg\",\"datePublished\":\"2026-03-20T14:03:48+00:00\",\"dateModified\":\"2026-03-20T14:11:48+00:00\",\"description\":\"The Theatre Lac-Brome will host the Montr\u00e9al Guitare Trio (MG3) for a tribute to Ennio Morricone on Saturday, September 5, 2026, at 8 p.m.\",\"breadcrumb\":{\"@id\":\"https:\\\/\\\/laroutedesconcerts.com\\\/en\\\/concerts\\\/mg3-joue-morricone\\\/#breadcrumb\"},\"inLanguage\":\"en-US\",\"potentialAction\":[{\"@type\":\"ReadAction\",\"target\":[\"https:\\\/\\\/laroutedesconcerts.com\\\/en\\\/concerts\\\/mg3-joue-morricone\\\/\"]}]},{\"@type\":\"ImageObject\",\"inLanguage\":\"en-US\",\"@id\":\"https:\\\/\\\/laroutedesconcerts.com\\\/en\\\/concerts\\\/mg3-joue-morricone\\\/#primaryimage\",\"url\":\"https:\\\/\\\/laroutedesconcerts.com\\\/wp-content\\\/uploads\\\/2024\\\/08\\\/lrdc25-26-theatre-de-lac-brome-mg3.jpg\",\"contentUrl\":\"https:\\\/\\\/laroutedesconcerts.com\\\/wp-content\\\/uploads\\\/2024\\\/08\\\/lrdc25-26-theatre-de-lac-brome-mg3.jpg\",\"width\":320,\"height\":324,\"caption\":\"LRDC 2025-2026: Th\u00e9\u00e2tre de Lac-Brome, MG3: Montr\u00e9al Guitare Trio\"},{\"@type\":\"BreadcrumbList\",\"@id\":\"https:\\\/\\\/laroutedesconcerts.com\\\/en\\\/concerts\\\/mg3-joue-morricone\\\/#breadcrumb\",\"itemListElement\":[{\"@type\":\"ListItem\",\"position\":1,\"name\":\"Accueil\",\"item\":\"https:\\\/\\\/laroutedesconcerts.com\\\/en\\\/\"},{\"@type\":\"ListItem\",\"position\":2,\"name\":\"Concert\",\"item\":\"https:\\\/\\\/laroutedesconcerts.com\\\/en\\\/concerts\\\/\"},{\"@type\":\"ListItem\",\"position\":3,\"name\":\"MG3 joue Morricone\"}]},{\"@type\":\"WebSite\",\"@id\":\"https:\\\/\\\/laroutedesconcerts.com\\\/en\\\/#website\",\"url\":\"https:\\\/\\\/laroutedesconcerts.com\\\/en\\\/\",\"name\":\"Route des concerts\",\"description\":\"De la musique plein les oreilles \u00e0 votre port\u00e9e\",\"potentialAction\":[{\"@type\":\"SearchAction\",\"target\":{\"@type\":\"EntryPoint\",\"urlTemplate\":\"https:\\\/\\\/laroutedesconcerts.com\\\/en\\\/?s={search_term_string}\"},\"query-input\":{\"@type\":\"PropertyValueSpecification\",\"valueRequired\":true,\"valueName\":\"search_term_string\"}}],\"inLanguage\":\"en-US\"}]}<\/script>\n<!-- \/ Yoast SEO plugin. -->","yoast_head_json":{"title":"MG3 joue Morricone &#8211; Route des concerts","description":"The Theatre Lac-Brome will host the Montr\u00e9al Guitare Trio (MG3) for a tribute to Ennio Morricone on Saturday, September 5, 2026, at 8 p.m.","robots":{"index":"index","follow":"follow","max-snippet":"max-snippet:-1","max-image-preview":"max-image-preview:large","max-video-preview":"max-video-preview:-1"},"canonical":"https:\/\/laroutedesconcerts.com\/en\/concerts\/mg3-joue-morricone\/","og_locale":"en_US","og_type":"article","og_title":"MG3 joue Morricone &#8211; Route des concerts","og_description":"The Theatre Lac-Brome will host the Montr\u00e9al Guitare Trio (MG3) for a tribute to Ennio Morricone on Saturday, September 5, 2026, at 8 p.m.","og_url":"https:\/\/laroutedesconcerts.com\/en\/concerts\/mg3-joue-morricone\/","og_site_name":"Route des concerts","article_modified_time":"2026-03-20T14:11:48+00:00","twitter_card":"summary_large_image","schema":{"@context":"https:\/\/schema.org","@graph":[{"@type":"WebPage","@id":"https:\/\/laroutedesconcerts.com\/en\/concerts\/mg3-joue-morricone\/","url":"https:\/\/laroutedesconcerts.com\/en\/concerts\/mg3-joue-morricone\/","name":"MG3 joue Morricone &#8211; Route des concerts","isPartOf":{"@id":"https:\/\/laroutedesconcerts.com\/en\/#website"},"primaryImageOfPage":{"@id":"https:\/\/laroutedesconcerts.com\/en\/concerts\/mg3-joue-morricone\/#primaryimage"},"image":{"@id":"https:\/\/laroutedesconcerts.com\/en\/concerts\/mg3-joue-morricone\/#primaryimage"},"thumbnailUrl":"https:\/\/laroutedesconcerts.com\/wp-content\/uploads\/2024\/08\/lrdc25-26-theatre-de-lac-brome-mg3.jpg","datePublished":"2026-03-20T14:03:48+00:00","dateModified":"2026-03-20T14:11:48+00:00","description":"The Theatre Lac-Brome will host the Montr\u00e9al Guitare Trio (MG3) for a tribute to Ennio Morricone on Saturday, September 5, 2026, at 8 p.m.","breadcrumb":{"@id":"https:\/\/laroutedesconcerts.com\/en\/concerts\/mg3-joue-morricone\/#breadcrumb"},"inLanguage":"en-US","potentialAction":[{"@type":"ReadAction","target":["https:\/\/laroutedesconcerts.com\/en\/concerts\/mg3-joue-morricone\/"]}]},{"@type":"ImageObject","inLanguage":"en-US","@id":"https:\/\/laroutedesconcerts.com\/en\/concerts\/mg3-joue-morricone\/#primaryimage","url":"https:\/\/laroutedesconcerts.com\/wp-content\/uploads\/2024\/08\/lrdc25-26-theatre-de-lac-brome-mg3.jpg","contentUrl":"https:\/\/laroutedesconcerts.com\/wp-content\/uploads\/2024\/08\/lrdc25-26-theatre-de-lac-brome-mg3.jpg","width":320,"height":324,"caption":"LRDC 2025-2026: Th\u00e9\u00e2tre de Lac-Brome, MG3: Montr\u00e9al Guitare Trio"},{"@type":"BreadcrumbList","@id":"https:\/\/laroutedesconcerts.com\/en\/concerts\/mg3-joue-morricone\/#breadcrumb","itemListElement":[{"@type":"ListItem","position":1,"name":"Accueil","item":"https:\/\/laroutedesconcerts.com\/en\/"},{"@type":"ListItem","position":2,"name":"Concert","item":"https:\/\/laroutedesconcerts.com\/en\/concerts\/"},{"@type":"ListItem","position":3,"name":"MG3 joue Morricone"}]},{"@type":"WebSite","@id":"https:\/\/laroutedesconcerts.com\/en\/#website","url":"https:\/\/laroutedesconcerts.com\/en\/","name":"Route des concerts","description":"De la musique plein les oreilles \u00e0 votre port\u00e9e","potentialAction":[{"@type":"SearchAction","target":{"@type":"EntryPoint","urlTemplate":"https:\/\/laroutedesconcerts.com\/en\/?s={search_term_string}"},"query-input":{"@type":"PropertyValueSpecification","valueRequired":true,"valueName":"search_term_string"}}],"inLanguage":"en-US"}]}},"_links":{"self":[{"href":"https:\/\/laroutedesconcerts.com\/en\/wp-json\/wp\/v2\/cke_concert\/4933","targetHints":{"allow":["GET"]}}],"collection":[{"href":"https:\/\/laroutedesconcerts.com\/en\/wp-json\/wp\/v2\/cke_concert"}],"about":[{"href":"https:\/\/laroutedesconcerts.com\/en\/wp-json\/wp\/v2\/types\/cke_concert"}],"wp:featuredmedia":[{"embeddable":true,"href":"https:\/\/laroutedesconcerts.com\/en\/wp-json\/wp\/v2\/media\/4945"}],"wp:attachment":[{"href":"https:\/\/laroutedesconcerts.com\/en\/wp-json\/wp\/v2\/media?parent=4933"}],"wp:term":[{"taxonomy":"cke_localite","embeddable":true,"href":"https:\/\/laroutedesconcerts.com\/en\/wp-json\/wp\/v2\/cke_localite?post=4933"}],"curies":[{"name":"wp","href":"https:\/\/api.w.org\/{rel}","templated":true}]}}

<!-- This site is optimized with the Yoast SEO plugin v27.4 - https://yoast.com/product/yoast-seo-wordpress/ -->
<title>MG3 joue Morricone &#8211; Route des concerts</title>
<meta name="description" content="The Theatre Lac-Brome will host the Montréal Guitare Trio (MG3) for a tribute to Ennio Morricone on Saturday, September 5, 2026, at 8 p.m." />
<meta name="robots" content="index, follow, max-snippet:-1, max-image-preview:large, max-video-preview:-1" />
<link rel="canonical" href="https://laroutedesconcerts.com/en/concerts/mg3-joue-morricone/" />
<meta property="og:locale" content="en_US" />
<meta property="og:type" content="article" />
<meta property="og:title" content="MG3 joue Morricone &#8211; Route des concerts" />
<meta property="og:description" content="The Theatre Lac-Brome will host the Montréal Guitare Trio (MG3) for a tribute to Ennio Morricone on Saturday, September 5, 2026, at 8 p.m." />
<meta property="og:url" content="https://laroutedesconcerts.com/en/concerts/mg3-joue-morricone/" />
<meta property="og:site_name" content="Route des concerts" />
<meta property="article:modified_time" content="2026-03-20T14:11:48+00:00" />
<meta name="twitter:card" content="summary_large_image" />
<script type="application/ld+json" class="yoast-schema-graph">{"@context":"https:\/\/schema.org","@graph":[{"@type":"WebPage","@id":"https:\/\/laroutedesconcerts.com\/en\/concerts\/mg3-joue-morricone\/","url":"https:\/\/laroutedesconcerts.com\/en\/concerts\/mg3-joue-morricone\/","name":"MG3 joue Morricone &#8211; Route des concerts","isPartOf":{"@id":"https:\/\/laroutedesconcerts.com\/en\/#website"},"primaryImageOfPage":{"@id":"https:\/\/laroutedesconcerts.com\/en\/concerts\/mg3-joue-morricone\/#primaryimage"},"image":{"@id":"https:\/\/laroutedesconcerts.com\/en\/concerts\/mg3-joue-morricone\/#primaryimage"},"thumbnailUrl":"https:\/\/laroutedesconcerts.com\/wp-content\/uploads\/2024\/08\/lrdc25-26-theatre-de-lac-brome-mg3.jpg","datePublished":"2026-03-20T14:03:48+00:00","dateModified":"2026-03-20T14:11:48+00:00","description":"The Theatre Lac-Brome will host the Montréal Guitare Trio (MG3) for a tribute to Ennio Morricone on Saturday, September 5, 2026, at 8 p.m.","breadcrumb":{"@id":"https:\/\/laroutedesconcerts.com\/en\/concerts\/mg3-joue-morricone\/#breadcrumb"},"inLanguage":"en-US","potentialAction":[{"@type":"ReadAction","target":["https:\/\/laroutedesconcerts.com\/en\/concerts\/mg3-joue-morricone\/"]}]},{"@type":"ImageObject","inLanguage":"en-US","@id":"https:\/\/laroutedesconcerts.com\/en\/concerts\/mg3-joue-morricone\/#primaryimage","url":"https:\/\/laroutedesconcerts.com\/wp-content\/uploads\/2024\/08\/lrdc25-26-theatre-de-lac-brome-mg3.jpg","contentUrl":"https:\/\/laroutedesconcerts.com\/wp-content\/uploads\/2024\/08\/lrdc25-26-theatre-de-lac-brome-mg3.jpg","width":320,"height":324,"caption":"LRDC 2025-2026: Théâtre de Lac-Brome, MG3: Montréal Guitare Trio"},{"@type":"BreadcrumbList","@id":"https:\/\/laroutedesconcerts.com\/en\/concerts\/mg3-joue-morricone\/#breadcrumb","itemListElement":[{"@type":"ListItem","position":1,"name":"Accueil","item":"https:\/\/laroutedesconcerts.com\/en\/"},{"@type":"ListItem","position":2,"name":"Concert","item":"https:\/\/laroutedesconcerts.com\/en\/concerts\/"},{"@type":"ListItem","position":3,"name":"MG3 joue Morricone"}]},{"@type":"WebSite","@id":"https:\/\/laroutedesconcerts.com\/en\/#website","url":"https:\/\/laroutedesconcerts.com\/en\/","name":"Route des concerts","description":"De la musique plein les oreilles à votre portée","potentialAction":[{"@type":"SearchAction","target":{"@type":"EntryPoint","urlTemplate":"https:\/\/laroutedesconcerts.com\/en\/?s={search_term_string}"},"query-input":{"@type":"PropertyValueSpecification","valueRequired":true,"valueName":"search_term_string"}}],"inLanguage":"en-US"}]}</script>
<!-- / Yoast SEO plugin. -->

The Theatre Lac-Brome will host the Montréal Guitare Trio (MG3) for a tribute to Ennio Morricone on Saturday, September 5, 2026, at 8 p.m.

LRDC 2025-2026: Théâtre de Lac-Brome, MG3: Montréal Guitare Trio

De la musique plein les oreilles à votre portée
